{"id":42,"date":"2016-02-20T18:50:03","date_gmt":"2016-02-20T18:50:03","guid":{"rendered":"http:\/\/www.pdplis.hr\/?page_id=42"},"modified":"2016-02-20T19:01:15","modified_gmt":"2016-02-20T19:01:15","slug":"kraljica-sume","status":"publish","type":"page","link":"https:\/\/pdplis.hr\/index.php\/kpp\/kraljica-sume\/","title":{"rendered":"KRALJICA \u0160UME"},"content":{"rendered":"<p class=\"western\" align=\"justify\"><span style=\"font-family: Arial,sans-serif;\">Stara bukva poznata i kao \u00abKraljica \u0161ume\u00bb, promjera debla oko 120 cm, raste u \u0161umskom predjelu Dletvo\/Dlito, neposredno uz \u0161umsku cestu koja vodi od Lisca prema Mlaki i Klani. Nalazi se na 757 m nadmorske visine i primjereno je obilje\u017eena tablicom s osnovnim podacima i sandu\u010di\u0107em s upisnom spomen-knjigom kao jedna od kontrolnih to\u010daka Klanjskog planinarskog puta. Ovo neobi\u010dno zanimljivo i vrijedno stablo vjerojatno je najve\u0107i i najstariji primjerak bukve na podru\u010dju \u0161ume Dletvo\/Dlito gdje su danas na fli\u0161nim vodonepropusnim talo\u017einama, na brojnim hrptima i u buji\u010dnim jarugama, ra\u0161irene uglavnom mla\u0111e sastojine bukovih \u0161uma.<\/span><\/p>\n","protected":false},"excerpt":{"rendered":"<p>Stara bukva poznata i kao \u00abKraljica \u0161ume\u00bb, promjera debla oko 120 cm, raste u \u0161umskom predjelu Dletvo\/Dlito, neposredno uz \u0161umsku cestu koja vodi od Lisca prema Mlaki i Klani. Nalazi se na 757 m nadmorske visine i primjereno je obilje\u017eena tablicom s osnovnim podacima i sandu\u010di\u0107em s upisnom spomen-knjigom kao jedna od kontrolnih to\u010daka Klanjskog&hellip;<\/p>\n<p class=\"more-link-wrapper\"><a class=\"more-link\" href=\"https:\/\/pdplis.hr\/index.php\/kpp\/kraljica-sume\/\">Continue<\/a><\/p>\n","protected":false},"author":1,"featured_media":0,"parent":12,"menu_order":0,"comment_status":"closed","ping_status":"closed","template":"","meta":{"footnotes":""},"class_list":["post-42","page","type-page","status-publish","hentry"],"_links":{"self":[{"href":"https:\/\/pdplis.hr\/index.php\/wp-json\/wp\/v2\/pages\/42","targetHints":{"allow":["GET"]}}],"collection":[{"href":"https:\/\/pdplis.hr\/index.php\/wp-json\/wp\/v2\/pages"}],"about":[{"href":"https:\/\/pdplis.hr\/index.php\/wp-json\/wp\/v2\/types\/page"}],"author":[{"embeddable":true,"href":"https:\/\/pdplis.hr\/index.php\/wp-json\/wp\/v2\/users\/1"}],"replies":[{"embeddable":true,"href":"https:\/\/pdplis.hr\/index.php\/wp-json\/wp\/v2\/comments?post=42"}],"version-history":[{"count":1,"href":"https:\/\/pdplis.hr\/index.php\/wp-json\/wp\/v2\/pages\/42\/revisions"}],"predecessor-version":[{"id":43,"href":"https:\/\/pdplis.hr\/index.php\/wp-json\/wp\/v2\/pages\/42\/revisions\/43"}],"up":[{"embeddable":true,"href":"https:\/\/pdplis.hr\/index.php\/wp-json\/wp\/v2\/pages\/12"}],"wp:attachment":[{"href":"https:\/\/pdplis.hr\/index.php\/wp-json\/wp\/v2\/media?parent=42"}],"curies":[{"name":"wp","href":"https:\/\/api.w.org\/{rel}","templated":true}]}}